
{"id":2712829,"date":"2024-11-28T11:27:03","date_gmt":"2024-11-28T10:27:03","guid":{"rendered":"https:\/\/www.baque.com\/?post_type=product&#038;p=2712829"},"modified":"2026-05-01T02:52:42","modified_gmt":"2026-05-01T00:52:42","slug":"cafetera-de-capsulas-delonghi-essenza-mini","status":"publish","type":"product","link":"https:\/\/www.baque.com\/es\/tienda\/cafeteras-accesorios\/cafeteras-capsulas\/cafetera-de-capsulas-delonghi-essenza-mini\/","title":{"rendered":"Cafetera de C\u00e1psulas De&#8217;Longhi Essenza Mini"},"content":{"rendered":"<p><strong>\u00bfEres una empresa o aut\u00f3nom@? Configura tu oferta <a href=\"https:\/\/www.baque.com\/es\/oficina-xiaomi\/\">AQU\u00cd.<\/a><\/strong><\/p>\n<p>Cafetera De&#8217;Longhi Essenza Mini con un dise\u00f1o elegante y compacto compatible con el sistema Nespresso\u00ae de 19 bares de presi\u00f3n.<\/p>\n<p>\u25cf Dise\u00f1o compacto que se\u00a0adapta a cualquier espacio.<br \/>\n\u25cf El sistema Thermoblock De&#8217;Longhi prepara tu caf\u00e9 a la temperatura ideal.<br \/>\n\u25cf Con funci\u00f3n de autoapagado autom\u00e1tico que se desconecta en 9 minutos.<\/p>\n","protected":false},"excerpt":{"rendered":"<p>Compatible con el sistema Nespresso\u00ae<\/p>\n<p>&nbsp;<\/p>\n","protected":false},"featured_media":2712925,"template":"","meta":{"_acf_changed":false},"product_brand":[],"product_cat":[608,562],"product_tag":[475,163,169,485,476],"class_list":{"0":"post-2712829","1":"product","2":"type-product","3":"status-publish","4":"has-post-thumbnail","6":"product_cat-cafeteras-capsulas","7":"product_cat-cafeteras-accesorios","8":"product_tag-cafetera","9":"product_tag-capsulas","10":"product_tag-nespresso","11":"product_tag-scishare","12":"product_tag-xiaomi","14":"first","15":"instock","16":"taxable","17":"shipping-taxable","18":"purchasable","19":"product-type-simple"},"bundled_by":[],"bundle_stock_status":"instock","bundle_stock_quantity":2,"bundle_virtual":false,"bundle_layout":"","bundle_add_to_cart_form_location":"","bundle_editable_in_cart":false,"bundle_sold_individually_context":"","bundle_item_grouping":"","bundle_min_size":"","bundle_max_size":"","bundle_price":[],"bundled_items":[],"bundle_sell_ids":[],"acf":[],"yoast_head":"<!-- This site is optimized with the Yoast SEO plugin v27.3 - https:\/\/yoast.com\/product\/yoast-seo-wordpress\/ -->\n<title>Cafetera de C\u00e1psulas De&#039;Longhi Essenza Mini - Caf\u00e9s Baqu\u00e9<\/title>\n<meta name=\"robots\" content=\"index, follow, max-snippet:-1, max-image-preview:large, max-video-preview:-1\" \/>\n<meta property=\"og:locale\" content=\"es_ES\" \/>\n<meta property=\"og:type\" content=\"article\" \/>\n<meta property=\"og:title\" content=\"Cafetera de C\u00e1psulas De&#039;Longhi Essenza Mini - Caf\u00e9s Baqu\u00e9\" \/>\n<meta property=\"og:description\" content=\"Compatible con el sistema Nespresso\u00ae  &nbsp;\" \/>\n<meta property=\"og:url\" content=\"https:\/\/www.baque.com\/es\/tienda\/cafeteras-accesorios\/cafeteras-capsulas\/cafetera-de-capsulas-delonghi-essenza-mini\/\" \/>\n<meta property=\"og:site_name\" content=\"Caf\u00e9s Baqu\u00e9\" \/>\n<meta property=\"article:modified_time\" content=\"2026-05-01T00:52:42+00:00\" \/>\n<meta property=\"og:image\" content=\"https:\/\/www.baque.com\/wp-content\/uploads\/2024\/11\/essenza-mini-negra.png\" \/>\n\t<meta property=\"og:image:width\" content=\"800\" \/>\n\t<meta property=\"og:image:height\" content=\"800\" \/>\n\t<meta property=\"og:image:type\" content=\"image\/png\" \/>\n<meta name=\"twitter:card\" content=\"summary_large_image\" \/>\n<meta name=\"twitter:label1\" content=\"Tiempo de lectura\" \/>\n\t<meta name=\"twitter:data1\" content=\"1 minuto\" \/>\n<script type=\"application\/ld+json\" class=\"yoast-schema-graph\">{\"@context\":\"https:\\\/\\\/schema.org\",\"@graph\":[{\"@type\":\"WebPage\",\"@id\":\"https:\\\/\\\/www.baque.com\\\/es\\\/tienda\\\/cafeteras-accesorios\\\/cafeteras-capsulas\\\/cafetera-de-capsulas-delonghi-essenza-mini\\\/\",\"url\":\"https:\\\/\\\/www.baque.com\\\/es\\\/tienda\\\/cafeteras-accesorios\\\/cafeteras-capsulas\\\/cafetera-de-capsulas-delonghi-essenza-mini\\\/\",\"name\":\"Cafetera de C\u00e1psulas De'Longhi Essenza Mini - Caf\u00e9s Baqu\u00e9\",\"isPartOf\":{\"@id\":\"https:\\\/\\\/www.baque.com\\\/es\\\/#website\"},\"primaryImageOfPage\":{\"@id\":\"https:\\\/\\\/www.baque.com\\\/es\\\/tienda\\\/cafeteras-accesorios\\\/cafeteras-capsulas\\\/cafetera-de-capsulas-delonghi-essenza-mini\\\/#primaryimage\"},\"image\":{\"@id\":\"https:\\\/\\\/www.baque.com\\\/es\\\/tienda\\\/cafeteras-accesorios\\\/cafeteras-capsulas\\\/cafetera-de-capsulas-delonghi-essenza-mini\\\/#primaryimage\"},\"thumbnailUrl\":\"https:\\\/\\\/www.baque.com\\\/wp-content\\\/uploads\\\/2024\\\/11\\\/essenza-mini-negra.png\",\"datePublished\":\"2024-11-28T10:27:03+00:00\",\"dateModified\":\"2026-05-01T00:52:42+00:00\",\"breadcrumb\":{\"@id\":\"https:\\\/\\\/www.baque.com\\\/es\\\/tienda\\\/cafeteras-accesorios\\\/cafeteras-capsulas\\\/cafetera-de-capsulas-delonghi-essenza-mini\\\/#breadcrumb\"},\"inLanguage\":\"es\",\"potentialAction\":[{\"@type\":\"ReadAction\",\"target\":[\"https:\\\/\\\/www.baque.com\\\/es\\\/tienda\\\/cafeteras-accesorios\\\/cafeteras-capsulas\\\/cafetera-de-capsulas-delonghi-essenza-mini\\\/\"]}]},{\"@type\":\"ImageObject\",\"inLanguage\":\"es\",\"@id\":\"https:\\\/\\\/www.baque.com\\\/es\\\/tienda\\\/cafeteras-accesorios\\\/cafeteras-capsulas\\\/cafetera-de-capsulas-delonghi-essenza-mini\\\/#primaryimage\",\"url\":\"https:\\\/\\\/www.baque.com\\\/wp-content\\\/uploads\\\/2024\\\/11\\\/essenza-mini-negra.png\",\"contentUrl\":\"https:\\\/\\\/www.baque.com\\\/wp-content\\\/uploads\\\/2024\\\/11\\\/essenza-mini-negra.png\",\"width\":800,\"height\":800},{\"@type\":\"BreadcrumbList\",\"@id\":\"https:\\\/\\\/www.baque.com\\\/es\\\/tienda\\\/cafeteras-accesorios\\\/cafeteras-capsulas\\\/cafetera-de-capsulas-delonghi-essenza-mini\\\/#breadcrumb\",\"itemListElement\":[{\"@type\":\"ListItem\",\"position\":1,\"name\":\"Portada\",\"item\":\"https:\\\/\\\/www.baque.com\\\/es\\\/\"},{\"@type\":\"ListItem\",\"position\":2,\"name\":\"Tienda\",\"item\":\"https:\\\/\\\/www.baque.com\\\/es\\\/tienda\\\/\"},{\"@type\":\"ListItem\",\"position\":3,\"name\":\"Cafetera de C\u00e1psulas De&#8217;Longhi Essenza Mini\"}]},{\"@type\":\"WebSite\",\"@id\":\"https:\\\/\\\/www.baque.com\\\/es\\\/#website\",\"url\":\"https:\\\/\\\/www.baque.com\\\/es\\\/\",\"name\":\"Caf\u00e9s Baqu\u00e9\",\"description\":\"Somos l\u00edderes en hosteler\u00eda en Pa\u00eds Vasco y La Rioja y una de las marcas m\u00e1s reconocidas en el mercado nacional. Somos una empresa familiar en constante innovaci\u00f3n en el producto. Tostamos y distribuimos caf\u00e9 molido, en grano y c\u00e1psulas para disfrutar en casa, en el bar y en la oficina.\",\"potentialAction\":[{\"@type\":\"SearchAction\",\"target\":{\"@type\":\"EntryPoint\",\"urlTemplate\":\"https:\\\/\\\/www.baque.com\\\/es\\\/?s={search_term_string}\"},\"query-input\":{\"@type\":\"PropertyValueSpecification\",\"valueRequired\":true,\"valueName\":\"search_term_string\"}}],\"inLanguage\":\"es\"}]}<\/script>\n<!-- \/ Yoast SEO plugin. -->","yoast_head_json":{"title":"Cafetera de C\u00e1psulas De'Longhi Essenza Mini - Caf\u00e9s Baqu\u00e9","robots":{"index":"index","follow":"follow","max-snippet":"max-snippet:-1","max-image-preview":"max-image-preview:large","max-video-preview":"max-video-preview:-1"},"og_locale":"es_ES","og_type":"article","og_title":"Cafetera de C\u00e1psulas De'Longhi Essenza Mini - Caf\u00e9s Baqu\u00e9","og_description":"Compatible con el sistema Nespresso\u00ae  &nbsp;","og_url":"https:\/\/www.baque.com\/es\/tienda\/cafeteras-accesorios\/cafeteras-capsulas\/cafetera-de-capsulas-delonghi-essenza-mini\/","og_site_name":"Caf\u00e9s Baqu\u00e9","article_modified_time":"2026-05-01T00:52:42+00:00","og_image":[{"width":800,"height":800,"url":"https:\/\/www.baque.com\/wp-content\/uploads\/2024\/11\/essenza-mini-negra.png","type":"image\/png"}],"twitter_card":"summary_large_image","twitter_misc":{"Tiempo de lectura":"1 minuto"},"schema":{"@context":"https:\/\/schema.org","@graph":[{"@type":"WebPage","@id":"https:\/\/www.baque.com\/es\/tienda\/cafeteras-accesorios\/cafeteras-capsulas\/cafetera-de-capsulas-delonghi-essenza-mini\/","url":"https:\/\/www.baque.com\/es\/tienda\/cafeteras-accesorios\/cafeteras-capsulas\/cafetera-de-capsulas-delonghi-essenza-mini\/","name":"Cafetera de C\u00e1psulas De'Longhi Essenza Mini - Caf\u00e9s Baqu\u00e9","isPartOf":{"@id":"https:\/\/www.baque.com\/es\/#website"},"primaryImageOfPage":{"@id":"https:\/\/www.baque.com\/es\/tienda\/cafeteras-accesorios\/cafeteras-capsulas\/cafetera-de-capsulas-delonghi-essenza-mini\/#primaryimage"},"image":{"@id":"https:\/\/www.baque.com\/es\/tienda\/cafeteras-accesorios\/cafeteras-capsulas\/cafetera-de-capsulas-delonghi-essenza-mini\/#primaryimage"},"thumbnailUrl":"https:\/\/www.baque.com\/wp-content\/uploads\/2024\/11\/essenza-mini-negra.png","datePublished":"2024-11-28T10:27:03+00:00","dateModified":"2026-05-01T00:52:42+00:00","breadcrumb":{"@id":"https:\/\/www.baque.com\/es\/tienda\/cafeteras-accesorios\/cafeteras-capsulas\/cafetera-de-capsulas-delonghi-essenza-mini\/#breadcrumb"},"inLanguage":"es","potentialAction":[{"@type":"ReadAction","target":["https:\/\/www.baque.com\/es\/tienda\/cafeteras-accesorios\/cafeteras-capsulas\/cafetera-de-capsulas-delonghi-essenza-mini\/"]}]},{"@type":"ImageObject","inLanguage":"es","@id":"https:\/\/www.baque.com\/es\/tienda\/cafeteras-accesorios\/cafeteras-capsulas\/cafetera-de-capsulas-delonghi-essenza-mini\/#primaryimage","url":"https:\/\/www.baque.com\/wp-content\/uploads\/2024\/11\/essenza-mini-negra.png","contentUrl":"https:\/\/www.baque.com\/wp-content\/uploads\/2024\/11\/essenza-mini-negra.png","width":800,"height":800},{"@type":"BreadcrumbList","@id":"https:\/\/www.baque.com\/es\/tienda\/cafeteras-accesorios\/cafeteras-capsulas\/cafetera-de-capsulas-delonghi-essenza-mini\/#breadcrumb","itemListElement":[{"@type":"ListItem","position":1,"name":"Portada","item":"https:\/\/www.baque.com\/es\/"},{"@type":"ListItem","position":2,"name":"Tienda","item":"https:\/\/www.baque.com\/es\/tienda\/"},{"@type":"ListItem","position":3,"name":"Cafetera de C\u00e1psulas De&#8217;Longhi Essenza Mini"}]},{"@type":"WebSite","@id":"https:\/\/www.baque.com\/es\/#website","url":"https:\/\/www.baque.com\/es\/","name":"Caf\u00e9s Baqu\u00e9","description":"Somos l\u00edderes en hosteler\u00eda en Pa\u00eds Vasco y La Rioja y una de las marcas m\u00e1s reconocidas en el mercado nacional. Somos una empresa familiar en constante innovaci\u00f3n en el producto. Tostamos y distribuimos caf\u00e9 molido, en grano y c\u00e1psulas para disfrutar en casa, en el bar y en la oficina.","potentialAction":[{"@type":"SearchAction","target":{"@type":"EntryPoint","urlTemplate":"https:\/\/www.baque.com\/es\/?s={search_term_string}"},"query-input":{"@type":"PropertyValueSpecification","valueRequired":true,"valueName":"search_term_string"}}],"inLanguage":"es"}]}},"_links":{"self":[{"href":"https:\/\/www.baque.com\/es\/wp-json\/wp\/v2\/product\/2712829","targetHints":{"allow":["GET"]}}],"collection":[{"href":"https:\/\/www.baque.com\/es\/wp-json\/wp\/v2\/product"}],"about":[{"href":"https:\/\/www.baque.com\/es\/wp-json\/wp\/v2\/types\/product"}],"wp:featuredmedia":[{"embeddable":true,"href":"https:\/\/www.baque.com\/es\/wp-json\/wp\/v2\/media\/2712925"}],"wp:attachment":[{"href":"https:\/\/www.baque.com\/es\/wp-json\/wp\/v2\/media?parent=2712829"}],"wp:term":[{"taxonomy":"product_brand","embeddable":true,"href":"https:\/\/www.baque.com\/es\/wp-json\/wp\/v2\/product_brand?post=2712829"},{"taxonomy":"product_cat","embeddable":true,"href":"https:\/\/www.baque.com\/es\/wp-json\/wp\/v2\/product_cat?post=2712829"},{"taxonomy":"product_tag","embeddable":true,"href":"https:\/\/www.baque.com\/es\/wp-json\/wp\/v2\/product_tag?post=2712829"}],"curies":[{"name":"wp","href":"https:\/\/api.w.org\/{rel}","templated":true}]}}

Cafetera de Cápsulas De&#8217;Longhi Essenza Mini

<p><strong>¿Eres una empresa o autónom@? Configura tu oferta <a href="https://www.baque.com/es/oficina-xiaomi/">AQUÍ.</a></strong></p>
<p>Cafetera De&#8217;Longhi Essenza Mini con un diseño elegante y compacto compatible con el sistema Nespresso® de 19 bares de presión.</p>
<p>● Diseño compacto que se adapta a cualquier espacio.<br />
● El sistema Thermoblock De&#8217;Longhi prepara tu café a la temperatura ideal.<br />
● Con función de autoapagado automático que se desconecta en 9 minutos.</p>

<!-- This site is optimized with the Yoast SEO plugin v27.3 - https://yoast.com/product/yoast-seo-wordpress/ -->
<title>Cafetera de Cápsulas De&#039;Longhi Essenza Mini - Cafés Baqué</title>
<meta name="robots" content="index, follow, max-snippet:-1, max-image-preview:large, max-video-preview:-1" />
<meta property="og:locale" content="es_ES" />
<meta property="og:type" content="article" />
<meta property="og:title" content="Cafetera de Cápsulas De&#039;Longhi Essenza Mini - Cafés Baqué" />
<meta property="og:description" content="Compatible con el sistema Nespresso®  &nbsp;" />
<meta property="og:url" content="https://www.baque.com/es/tienda/cafeteras-accesorios/cafeteras-capsulas/cafetera-de-capsulas-delonghi-essenza-mini/" />
<meta property="og:site_name" content="Cafés Baqué" />
<meta property="article:modified_time" content="2026-05-01T00:52:42+00:00" />
<meta property="og:image" content="https://www.baque.com/wp-content/uploads/2024/11/essenza-mini-negra.png" />
	<meta property="og:image:width" content="800" />
	<meta property="og:image:height" content="800" />
	<meta property="og:image:type" content="image/png" />
<meta name="twitter:card" content="summary_large_image" />
<meta name="twitter:label1" content="Tiempo de lectura" />
	<meta name="twitter:data1" content="1 minuto" />
<script type="application/ld+json" class="yoast-schema-graph">{"@context":"https:\/\/schema.org","@graph":[{"@type":"WebPage","@id":"https:\/\/www.baque.com\/es\/tienda\/cafeteras-accesorios\/cafeteras-capsulas\/cafetera-de-capsulas-delonghi-essenza-mini\/","url":"https:\/\/www.baque.com\/es\/tienda\/cafeteras-accesorios\/cafeteras-capsulas\/cafetera-de-capsulas-delonghi-essenza-mini\/","name":"Cafetera de Cápsulas De'Longhi Essenza Mini - Cafés Baqué","isPartOf":{"@id":"https:\/\/www.baque.com\/es\/#website"},"primaryImageOfPage":{"@id":"https:\/\/www.baque.com\/es\/tienda\/cafeteras-accesorios\/cafeteras-capsulas\/cafetera-de-capsulas-delonghi-essenza-mini\/#primaryimage"},"image":{"@id":"https:\/\/www.baque.com\/es\/tienda\/cafeteras-accesorios\/cafeteras-capsulas\/cafetera-de-capsulas-delonghi-essenza-mini\/#primaryimage"},"thumbnailUrl":"https:\/\/www.baque.com\/wp-content\/uploads\/2024\/11\/essenza-mini-negra.png","datePublished":"2024-11-28T10:27:03+00:00","dateModified":"2026-05-01T00:52:42+00:00","breadcrumb":{"@id":"https:\/\/www.baque.com\/es\/tienda\/cafeteras-accesorios\/cafeteras-capsulas\/cafetera-de-capsulas-delonghi-essenza-mini\/#breadcrumb"},"inLanguage":"es","potentialAction":[{"@type":"ReadAction","target":["https:\/\/www.baque.com\/es\/tienda\/cafeteras-accesorios\/cafeteras-capsulas\/cafetera-de-capsulas-delonghi-essenza-mini\/"]}]},{"@type":"ImageObject","inLanguage":"es","@id":"https:\/\/www.baque.com\/es\/tienda\/cafeteras-accesorios\/cafeteras-capsulas\/cafetera-de-capsulas-delonghi-essenza-mini\/#primaryimage","url":"https:\/\/www.baque.com\/wp-content\/uploads\/2024\/11\/essenza-mini-negra.png","contentUrl":"https:\/\/www.baque.com\/wp-content\/uploads\/2024\/11\/essenza-mini-negra.png","width":800,"height":800},{"@type":"BreadcrumbList","@id":"https:\/\/www.baque.com\/es\/tienda\/cafeteras-accesorios\/cafeteras-capsulas\/cafetera-de-capsulas-delonghi-essenza-mini\/#breadcrumb","itemListElement":[{"@type":"ListItem","position":1,"name":"Portada","item":"https:\/\/www.baque.com\/es\/"},{"@type":"ListItem","position":2,"name":"Tienda","item":"https:\/\/www.baque.com\/es\/tienda\/"},{"@type":"ListItem","position":3,"name":"Cafetera de Cápsulas De&#8217;Longhi Essenza Mini"}]},{"@type":"WebSite","@id":"https:\/\/www.baque.com\/es\/#website","url":"https:\/\/www.baque.com\/es\/","name":"Cafés Baqué","description":"Somos líderes en hostelería en País Vasco y La Rioja y una de las marcas más reconocidas en el mercado nacional. Somos una empresa familiar en constante innovación en el producto. Tostamos y distribuimos café molido, en grano y cápsulas para disfrutar en casa, en el bar y en la oficina.","potentialAction":[{"@type":"SearchAction","target":{"@type":"EntryPoint","urlTemplate":"https:\/\/www.baque.com\/es\/?s={search_term_string}"},"query-input":{"@type":"PropertyValueSpecification","valueRequired":true,"valueName":"search_term_string"}}],"inLanguage":"es"}]}</script>
<!-- / Yoast SEO plugin. -->

Cafetera de Cápsulas De'Longhi Essenza Mini - Cafés Baqué

Cafés Baqué

Somos líderes en hostelería en País Vasco y La Rioja y una de las marcas más reconocidas en el mercado nacional. Somos una empresa familiar en constante innovación en el producto. Tostamos y distribuimos café molido, en grano y cápsulas para disfrutar en casa, en el bar y en la oficina.
