
{"id":1507,"date":"2018-02-22T08:25:59","date_gmt":"2018-02-22T08:25:59","guid":{"rendered":"http:\/\/www.baque.com\/?page_id=1507"},"modified":"2018-03-06T16:59:22","modified_gmt":"2018-03-06T16:59:22","slug":"kafean-adituak","status":"publish","type":"page","link":"https:\/\/www.baque.com\/eu\/kafean-adituak\/","title":{"rendered":"Kafean adituak"},"content":{"rendered":"<section  id='especialistas-en-cafe' class='introtext'><div class='container'>\n<h2>Adituak gara kafe ona egiten.<\/h2>\n<p class=\"text-center\">Hautatu, zaindu, txigortu eta gure bezeroen eskura jartzen dugu.<\/p>\n<p><\/div><\/section><br \/>\n<section  id='especialistas-en-cafe-1' class='videophoto expand'><img src='\/wp-content\/themes\/baque\/img\/images\/expertos-cafeteros.jpg' class='bg' alt='' \/><img src='\/wp-content\/themes\/baque\/img\/images\/expertos-cafeteros_resp.jpg' class='bgresp' alt='' \/><div class='shadow bg-brown'><\/div><div class='container'><h2 class='likeh1'>KAFE-SALTZAILE<br\/>ADITUAK<\/h2><h3 class='likeh2'>EGUNERO BERRITZEN<br\/>DEN ZALETASUNA.<\/h3><a href='https:\/\/www.baque.com\/eu\/kafean-adituak\/kafe-saltzaile-adituak\/' class='button  white'>EZAGUTU XEHETASUNAK<\/a><\/div><\/section><section  id='especialistas-en-cafe-2' class='videophoto expand'><img src='\/wp-content\/themes\/baque\/img\/images\/especialistas-escuela-de-cafe.jpg' class='bg' alt='' \/><img src='\/wp-content\/themes\/baque\/img\/images\/especialistas-escuela-de-cafe_resp.jpg' class='bgresp' alt='' \/><div class='shadow bg-brown'><\/div><div class='container'><h2 class='likeh1'>KAFE-ESKOLA<\/h2><h3 class='likeh2'>KAFEAREN KULTURA<br\/>BULTZATZEKO GURE<br\/>APUSTUA.<\/h3><a href='https:\/\/www.baque.com\/eu\/kafean-adituak\/kafe-eskola\/' class='button  white'>EZAGUTU ESKOLA<\/a><\/div><\/section><section  id='' class='videophoto expand'><img src='\/wp-content\/uploads\/2019\/08\/baque-experience-portada.jpg' class='bg' alt='' \/><img src='\/wp-content\/uploads\/2019\/08\/baque-experience-portada-resp.jpg' class='bgresp' alt='' \/><div class='shadow bg-grey'><\/div><div class='container'><h2 class='likeh1'>BAQU\u00c9<br\/>EXPERIENCE<\/h2><h3 class='likeh2'>Zure ekitaldiak Madrilgo<br\/>toki paregabe batean.<\/h3><a href='https:\/\/www.baque.com\/eu\/kafean-adituak\/baque-experience\/' class='button  white'>INFORMAZIO GEHIAGO<\/a><\/div><\/section><\/p>\n","protected":false},"excerpt":{"rendered":"","protected":false},"author":1,"featured_media":0,"parent":0,"menu_order":20,"comment_status":"closed","ping_status":"closed","template":"","meta":{"_acf_changed":false,"footnotes":""},"class_list":["post-1507","page","type-page","status-publish","hentry"],"acf":[],"yoast_head":"<!-- This site is optimized with the Yoast SEO plugin v27.3 - https:\/\/yoast.com\/product\/yoast-seo-wordpress\/ -->\n<title>Espainiako kafe-adituak | Caf\u00e9s Baqu\u00e9<\/title>\n<meta name=\"description\" content=\"Caf\u00e9s Baqu\u00e9-n kafe-adituak gara. Hautatu, zaindu, txigortu eta gure bezeroen eskura jartzen dugu, esperientzia onena lortzeko.\" \/>\n<meta name=\"robots\" content=\"index, follow, max-snippet:-1, max-image-preview:large, max-video-preview:-1\" \/>\n<meta property=\"og:locale\" content=\"eu_ES\" \/>\n<meta property=\"og:type\" content=\"article\" \/>\n<meta property=\"og:title\" content=\"Espainiako kafe-adituak | Caf\u00e9s Baqu\u00e9\" \/>\n<meta property=\"og:description\" content=\"Caf\u00e9s Baqu\u00e9-n kafe-adituak gara. Hautatu, zaindu, txigortu eta gure bezeroen eskura jartzen dugu, esperientzia onena lortzeko.\" \/>\n<meta property=\"og:url\" content=\"https:\/\/www.baque.com\/eu\/kafean-adituak\/\" \/>\n<meta property=\"og:site_name\" content=\"Caf\u00e9s Baqu\u00e9\" \/>\n<meta property=\"article:modified_time\" content=\"2018-03-06T16:59:22+00:00\" \/>\n<meta name=\"twitter:card\" content=\"summary_large_image\" \/>\n<script type=\"application\/ld+json\" class=\"yoast-schema-graph\">{\"@context\":\"https:\\\/\\\/schema.org\",\"@graph\":[{\"@type\":\"WebPage\",\"@id\":\"https:\\\/\\\/www.baque.com\\\/eu\\\/kafean-adituak\\\/\",\"url\":\"https:\\\/\\\/www.baque.com\\\/eu\\\/kafean-adituak\\\/\",\"name\":\"Espainiako kafe-adituak | Caf\u00e9s Baqu\u00e9\",\"isPartOf\":{\"@id\":\"https:\\\/\\\/www.baque.com\\\/es\\\/#website\"},\"datePublished\":\"2018-02-22T08:25:59+00:00\",\"dateModified\":\"2018-03-06T16:59:22+00:00\",\"description\":\"Caf\u00e9s Baqu\u00e9-n kafe-adituak gara. Hautatu, zaindu, txigortu eta gure bezeroen eskura jartzen dugu, esperientzia onena lortzeko.\",\"breadcrumb\":{\"@id\":\"https:\\\/\\\/www.baque.com\\\/eu\\\/kafean-adituak\\\/#breadcrumb\"},\"inLanguage\":\"eu-ES\",\"potentialAction\":[{\"@type\":\"ReadAction\",\"target\":[\"https:\\\/\\\/www.baque.com\\\/eu\\\/kafean-adituak\\\/\"]}]},{\"@type\":\"BreadcrumbList\",\"@id\":\"https:\\\/\\\/www.baque.com\\\/eu\\\/kafean-adituak\\\/#breadcrumb\",\"itemListElement\":[{\"@type\":\"ListItem\",\"position\":1,\"name\":\"Portada\",\"item\":\"https:\\\/\\\/www.baque.com\\\/eu\\\/\"},{\"@type\":\"ListItem\",\"position\":2,\"name\":\"Kafean adituak\"}]},{\"@type\":\"WebSite\",\"@id\":\"https:\\\/\\\/www.baque.com\\\/es\\\/#website\",\"url\":\"https:\\\/\\\/www.baque.com\\\/es\\\/\",\"name\":\"Caf\u00e9s Baqu\u00e9\",\"description\":\"Somos l\u00edderes en hosteler\u00eda en Pa\u00eds Vasco y La Rioja y una de las marcas m\u00e1s reconocidas en el mercado nacional. Somos una empresa familiar en constante innovaci\u00f3n en el producto. Tostamos y distribuimos caf\u00e9 molido, en grano y c\u00e1psulas para disfrutar en casa, en el bar y en la oficina.\",\"potentialAction\":[{\"@type\":\"SearchAction\",\"target\":{\"@type\":\"EntryPoint\",\"urlTemplate\":\"https:\\\/\\\/www.baque.com\\\/es\\\/?s={search_term_string}\"},\"query-input\":{\"@type\":\"PropertyValueSpecification\",\"valueRequired\":true,\"valueName\":\"search_term_string\"}}],\"inLanguage\":\"eu-ES\"}]}<\/script>\n<!-- \/ Yoast SEO plugin. -->","yoast_head_json":{"title":"Espainiako kafe-adituak | Caf\u00e9s Baqu\u00e9","description":"Caf\u00e9s Baqu\u00e9-n kafe-adituak gara. Hautatu, zaindu, txigortu eta gure bezeroen eskura jartzen dugu, esperientzia onena lortzeko.","robots":{"index":"index","follow":"follow","max-snippet":"max-snippet:-1","max-image-preview":"max-image-preview:large","max-video-preview":"max-video-preview:-1"},"og_locale":"eu_ES","og_type":"article","og_title":"Espainiako kafe-adituak | Caf\u00e9s Baqu\u00e9","og_description":"Caf\u00e9s Baqu\u00e9-n kafe-adituak gara. Hautatu, zaindu, txigortu eta gure bezeroen eskura jartzen dugu, esperientzia onena lortzeko.","og_url":"https:\/\/www.baque.com\/eu\/kafean-adituak\/","og_site_name":"Caf\u00e9s Baqu\u00e9","article_modified_time":"2018-03-06T16:59:22+00:00","twitter_card":"summary_large_image","schema":{"@context":"https:\/\/schema.org","@graph":[{"@type":"WebPage","@id":"https:\/\/www.baque.com\/eu\/kafean-adituak\/","url":"https:\/\/www.baque.com\/eu\/kafean-adituak\/","name":"Espainiako kafe-adituak | Caf\u00e9s Baqu\u00e9","isPartOf":{"@id":"https:\/\/www.baque.com\/es\/#website"},"datePublished":"2018-02-22T08:25:59+00:00","dateModified":"2018-03-06T16:59:22+00:00","description":"Caf\u00e9s Baqu\u00e9-n kafe-adituak gara. Hautatu, zaindu, txigortu eta gure bezeroen eskura jartzen dugu, esperientzia onena lortzeko.","breadcrumb":{"@id":"https:\/\/www.baque.com\/eu\/kafean-adituak\/#breadcrumb"},"inLanguage":"eu-ES","potentialAction":[{"@type":"ReadAction","target":["https:\/\/www.baque.com\/eu\/kafean-adituak\/"]}]},{"@type":"BreadcrumbList","@id":"https:\/\/www.baque.com\/eu\/kafean-adituak\/#breadcrumb","itemListElement":[{"@type":"ListItem","position":1,"name":"Portada","item":"https:\/\/www.baque.com\/eu\/"},{"@type":"ListItem","position":2,"name":"Kafean adituak"}]},{"@type":"WebSite","@id":"https:\/\/www.baque.com\/es\/#website","url":"https:\/\/www.baque.com\/es\/","name":"Caf\u00e9s Baqu\u00e9","description":"Somos l\u00edderes en hosteler\u00eda en Pa\u00eds Vasco y La Rioja y una de las marcas m\u00e1s reconocidas en el mercado nacional. Somos una empresa familiar en constante innovaci\u00f3n en el producto. Tostamos y distribuimos caf\u00e9 molido, en grano y c\u00e1psulas para disfrutar en casa, en el bar y en la oficina.","potentialAction":[{"@type":"SearchAction","target":{"@type":"EntryPoint","urlTemplate":"https:\/\/www.baque.com\/es\/?s={search_term_string}"},"query-input":{"@type":"PropertyValueSpecification","valueRequired":true,"valueName":"search_term_string"}}],"inLanguage":"eu-ES"}]}},"_links":{"self":[{"href":"https:\/\/www.baque.com\/eu\/wp-json\/wp\/v2\/pages\/1507","targetHints":{"allow":["GET"]}}],"collection":[{"href":"https:\/\/www.baque.com\/eu\/wp-json\/wp\/v2\/pages"}],"about":[{"href":"https:\/\/www.baque.com\/eu\/wp-json\/wp\/v2\/types\/page"}],"author":[{"embeddable":true,"href":"https:\/\/www.baque.com\/eu\/wp-json\/wp\/v2\/users\/1"}],"replies":[{"embeddable":true,"href":"https:\/\/www.baque.com\/eu\/wp-json\/wp\/v2\/comments?post=1507"}],"version-history":[{"count":0,"href":"https:\/\/www.baque.com\/eu\/wp-json\/wp\/v2\/pages\/1507\/revisions"}],"wp:attachment":[{"href":"https:\/\/www.baque.com\/eu\/wp-json\/wp\/v2\/media?parent=1507"}],"curies":[{"name":"wp","href":"https:\/\/api.w.org\/{rel}","templated":true}]}}

<section  id='especialistas-en-cafe' class='introtext'><div class='container'>
<h2>Adituak gara kafe ona egiten.</h2>
<p class="text-center">Hautatu, zaindu, txigortu eta gure bezeroen eskura jartzen dugu.</p>
<p></div></section><br />
<section  id='especialistas-en-cafe-1' class='videophoto expand'><img src='/wp-content/themes/baque/img/images/expertos-cafeteros.jpg' class='bg' alt='' /><img src='/wp-content/themes/baque/img/images/expertos-cafeteros_resp.jpg' class='bgresp' alt='' /><div class='shadow bg-brown'></div><div class='container'><h2 class='likeh1'>KAFE-SALTZAILE<br/>ADITUAK</h2><h3 class='likeh2'>EGUNERO BERRITZEN<br/>DEN ZALETASUNA.</h3><a href='https://www.baque.com/eu/kafean-adituak/kafe-saltzaile-adituak/' class='button  white'>EZAGUTU XEHETASUNAK</a></div></section><section  id='especialistas-en-cafe-2' class='videophoto expand'><img src='/wp-content/themes/baque/img/images/especialistas-escuela-de-cafe.jpg' class='bg' alt='' /><img src='/wp-content/themes/baque/img/images/especialistas-escuela-de-cafe_resp.jpg' class='bgresp' alt='' /><div class='shadow bg-brown'></div><div class='container'><h2 class='likeh1'>KAFE-ESKOLA</h2><h3 class='likeh2'>KAFEAREN KULTURA<br/>BULTZATZEKO GURE<br/>APUSTUA.</h3><a href='https://www.baque.com/eu/kafean-adituak/kafe-eskola/' class='button  white'>EZAGUTU ESKOLA</a></div></section><section  id='' class='videophoto expand'><img src='/wp-content/uploads/2019/08/baque-experience-portada.jpg' class='bg' alt='' /><img src='/wp-content/uploads/2019/08/baque-experience-portada-resp.jpg' class='bgresp' alt='' /><div class='shadow bg-grey'></div><div class='container'><h2 class='likeh1'>BAQUÉ<br/>EXPERIENCE</h2><h3 class='likeh2'>Zure ekitaldiak Madrilgo<br/>toki paregabe batean.</h3><a href='https://www.baque.com/eu/kafean-adituak/baque-experience/' class='button  white'>INFORMAZIO GEHIAGO</a></div></section></p>

<!-- This site is optimized with the Yoast SEO plugin v27.3 - https://yoast.com/product/yoast-seo-wordpress/ -->
<title>Espainiako kafe-adituak | Cafés Baqué</title>
<meta name="description" content="Cafés Baqué-n kafe-adituak gara. Hautatu, zaindu, txigortu eta gure bezeroen eskura jartzen dugu, esperientzia onena lortzeko." />
<meta name="robots" content="index, follow, max-snippet:-1, max-image-preview:large, max-video-preview:-1" />
<meta property="og:locale" content="eu_ES" />
<meta property="og:type" content="article" />
<meta property="og:title" content="Espainiako kafe-adituak | Cafés Baqué" />
<meta property="og:description" content="Cafés Baqué-n kafe-adituak gara. Hautatu, zaindu, txigortu eta gure bezeroen eskura jartzen dugu, esperientzia onena lortzeko." />
<meta property="og:url" content="https://www.baque.com/eu/kafean-adituak/" />
<meta property="og:site_name" content="Cafés Baqué" />
<meta property="article:modified_time" content="2018-03-06T16:59:22+00:00" />
<meta name="twitter:card" content="summary_large_image" />
<script type="application/ld+json" class="yoast-schema-graph">{"@context":"https:\/\/schema.org","@graph":[{"@type":"WebPage","@id":"https:\/\/www.baque.com\/eu\/kafean-adituak\/","url":"https:\/\/www.baque.com\/eu\/kafean-adituak\/","name":"Espainiako kafe-adituak | Cafés Baqué","isPartOf":{"@id":"https:\/\/www.baque.com\/es\/#website"},"datePublished":"2018-02-22T08:25:59+00:00","dateModified":"2018-03-06T16:59:22+00:00","description":"Cafés Baqué-n kafe-adituak gara. Hautatu, zaindu, txigortu eta gure bezeroen eskura jartzen dugu, esperientzia onena lortzeko.","breadcrumb":{"@id":"https:\/\/www.baque.com\/eu\/kafean-adituak\/#breadcrumb"},"inLanguage":"eu-ES","potentialAction":[{"@type":"ReadAction","target":["https:\/\/www.baque.com\/eu\/kafean-adituak\/"]}]},{"@type":"BreadcrumbList","@id":"https:\/\/www.baque.com\/eu\/kafean-adituak\/#breadcrumb","itemListElement":[{"@type":"ListItem","position":1,"name":"Portada","item":"https:\/\/www.baque.com\/eu\/"},{"@type":"ListItem","position":2,"name":"Kafean adituak"}]},{"@type":"WebSite","@id":"https:\/\/www.baque.com\/es\/#website","url":"https:\/\/www.baque.com\/es\/","name":"Cafés Baqué","description":"Somos líderes en hostelería en País Vasco y La Rioja y una de las marcas más reconocidas en el mercado nacional. Somos una empresa familiar en constante innovación en el producto. Tostamos y distribuimos café molido, en grano y cápsulas para disfrutar en casa, en el bar y en la oficina.","potentialAction":[{"@type":"SearchAction","target":{"@type":"EntryPoint","urlTemplate":"https:\/\/www.baque.com\/es\/?s={search_term_string}"},"query-input":{"@type":"PropertyValueSpecification","valueRequired":true,"valueName":"search_term_string"}}],"inLanguage":"eu-ES"}]}</script>
<!-- / Yoast SEO plugin. -->

Espainiako kafe-adituak | Cafés Baqué

Cafés Baqué-n kafe-adituak gara. Hautatu, zaindu, txigortu eta gure bezeroen eskura jartzen dugu, esperientzia onena lortzeko.

Cafés Baqué

Somos líderes en hostelería en País Vasco y La Rioja y una de las marcas más reconocidas en el mercado nacional. Somos una empresa familiar en constante innovación en el producto. Tostamos y distribuimos café molido, en grano y cápsulas para disfrutar en casa, en el bar y en la oficina.
