
{"id":2561805,"date":"2024-09-24T16:10:54","date_gmt":"2024-09-24T14:10:54","guid":{"rendered":"https:\/\/www.baque.com\/lan-egin-cafes-baque-n\/muchas-gracias-por-enviar-tu-curriculum\/"},"modified":"2024-09-25T08:33:59","modified_gmt":"2024-09-25T06:33:59","slug":"eskerrik-asko-zure-curriculuma-bidaltzeagatik","status":"publish","type":"page","link":"https:\/\/www.baque.com\/eu\/lan-egin-cafes-baque-n\/eskerrik-asko-zure-curriculuma-bidaltzeagatik\/","title":{"rendered":"Eskerrik asko zure curriculuma bidaltzeagatik"},"content":{"rendered":"<h2 class=\"text-center\">Laster jarriko gara zurekin harremanetan.<\/h2>\n<div class='separator height25' ><\/div>\n<p class=\"text-center\">Bitartean, gure blogean nabigatzen jarrai dezakezu.<\/p>\n<div class='separator height25' ><\/div>\n<p class=\"text-center\"><a href='\/es\/blog-cafes-baque\/' class='button ' target='_blank'>Blogera joan<\/a><\/p>\n","protected":false},"excerpt":{"rendered":"<p>Laster jarriko gara zurekin harremanetan. Bitartean, gure blogean nabigatzen jarrai dezakezu.<\/p>\n","protected":false},"author":4013,"featured_media":0,"parent":962320,"menu_order":0,"comment_status":"closed","ping_status":"closed","template":"","meta":{"_acf_changed":false,"footnotes":""},"class_list":["post-2561805","page","type-page","status-publish","hentry"],"acf":[],"yoast_head":"<!-- This site is optimized with the Yoast SEO plugin v27.3 - https:\/\/yoast.com\/product\/yoast-seo-wordpress\/ -->\n<title>Eskerrik asko zure curriculuma bidaltzeagatik - Caf\u00e9s Baqu\u00e9<\/title>\n<meta name=\"robots\" content=\"noindex, nofollow\" \/>\n<meta property=\"og:locale\" content=\"eu_ES\" \/>\n<meta property=\"og:type\" content=\"article\" \/>\n<meta property=\"og:title\" content=\"Eskerrik asko zure curriculuma bidaltzeagatik - Caf\u00e9s Baqu\u00e9\" \/>\n<meta property=\"og:description\" content=\"Laster jarriko gara zurekin harremanetan. Bitartean, gure blogean nabigatzen jarrai dezakezu.\" \/>\n<meta property=\"og:url\" content=\"https:\/\/www.baque.com\/eu\/lan-egin-cafes-baque-n\/eskerrik-asko-zure-curriculuma-bidaltzeagatik\/\" \/>\n<meta property=\"og:site_name\" content=\"Caf\u00e9s Baqu\u00e9\" \/>\n<meta property=\"article:modified_time\" content=\"2024-09-25T06:33:59+00:00\" \/>\n<meta name=\"twitter:card\" content=\"summary_large_image\" \/>\n<meta name=\"twitter:label1\" content=\"Est. reading time\" \/>\n\t<meta name=\"twitter:data1\" content=\"1 minute\" \/>\n<script type=\"application\/ld+json\" class=\"yoast-schema-graph\">{\"@context\":\"https:\\\/\\\/schema.org\",\"@graph\":[{\"@type\":\"WebPage\",\"@id\":\"https:\\\/\\\/www.baque.com\\\/eu\\\/lan-egin-cafes-baque-n\\\/eskerrik-asko-zure-curriculuma-bidaltzeagatik\\\/\",\"url\":\"https:\\\/\\\/www.baque.com\\\/eu\\\/lan-egin-cafes-baque-n\\\/eskerrik-asko-zure-curriculuma-bidaltzeagatik\\\/\",\"name\":\"Eskerrik asko zure curriculuma bidaltzeagatik - Caf\u00e9s Baqu\u00e9\",\"isPartOf\":{\"@id\":\"https:\\\/\\\/www.baque.com\\\/es\\\/#website\"},\"datePublished\":\"2024-09-24T14:10:54+00:00\",\"dateModified\":\"2024-09-25T06:33:59+00:00\",\"breadcrumb\":{\"@id\":\"https:\\\/\\\/www.baque.com\\\/eu\\\/lan-egin-cafes-baque-n\\\/eskerrik-asko-zure-curriculuma-bidaltzeagatik\\\/#breadcrumb\"},\"inLanguage\":\"eu-ES\",\"potentialAction\":[{\"@type\":\"ReadAction\",\"target\":[\"https:\\\/\\\/www.baque.com\\\/eu\\\/lan-egin-cafes-baque-n\\\/eskerrik-asko-zure-curriculuma-bidaltzeagatik\\\/\"]}]},{\"@type\":\"BreadcrumbList\",\"@id\":\"https:\\\/\\\/www.baque.com\\\/eu\\\/lan-egin-cafes-baque-n\\\/eskerrik-asko-zure-curriculuma-bidaltzeagatik\\\/#breadcrumb\",\"itemListElement\":[{\"@type\":\"ListItem\",\"position\":1,\"name\":\"Portada\",\"item\":\"https:\\\/\\\/www.baque.com\\\/eu\\\/\"},{\"@type\":\"ListItem\",\"position\":2,\"name\":\"Lan egin Caf\u00e9s Baqu\u00e9-n\",\"item\":\"https:\\\/\\\/www.baque.com\\\/eu\\\/lan-egin-cafes-baque-n\\\/\"},{\"@type\":\"ListItem\",\"position\":3,\"name\":\"Eskerrik asko zure curriculuma bidaltzeagatik\"}]},{\"@type\":\"WebSite\",\"@id\":\"https:\\\/\\\/www.baque.com\\\/es\\\/#website\",\"url\":\"https:\\\/\\\/www.baque.com\\\/es\\\/\",\"name\":\"Caf\u00e9s Baqu\u00e9\",\"description\":\"Somos l\u00edderes en hosteler\u00eda en Pa\u00eds Vasco y La Rioja y una de las marcas m\u00e1s reconocidas en el mercado nacional. Somos una empresa familiar en constante innovaci\u00f3n en el producto. Tostamos y distribuimos caf\u00e9 molido, en grano y c\u00e1psulas para disfrutar en casa, en el bar y en la oficina.\",\"potentialAction\":[{\"@type\":\"SearchAction\",\"target\":{\"@type\":\"EntryPoint\",\"urlTemplate\":\"https:\\\/\\\/www.baque.com\\\/es\\\/?s={search_term_string}\"},\"query-input\":{\"@type\":\"PropertyValueSpecification\",\"valueRequired\":true,\"valueName\":\"search_term_string\"}}],\"inLanguage\":\"eu-ES\"}]}<\/script>\n<!-- \/ Yoast SEO plugin. -->","yoast_head_json":{"title":"Eskerrik asko zure curriculuma bidaltzeagatik - Caf\u00e9s Baqu\u00e9","robots":{"index":"noindex","follow":"nofollow"},"og_locale":"eu_ES","og_type":"article","og_title":"Eskerrik asko zure curriculuma bidaltzeagatik - Caf\u00e9s Baqu\u00e9","og_description":"Laster jarriko gara zurekin harremanetan. Bitartean, gure blogean nabigatzen jarrai dezakezu.","og_url":"https:\/\/www.baque.com\/eu\/lan-egin-cafes-baque-n\/eskerrik-asko-zure-curriculuma-bidaltzeagatik\/","og_site_name":"Caf\u00e9s Baqu\u00e9","article_modified_time":"2024-09-25T06:33:59+00:00","twitter_card":"summary_large_image","twitter_misc":{"Est. reading time":"1 minute"},"schema":{"@context":"https:\/\/schema.org","@graph":[{"@type":"WebPage","@id":"https:\/\/www.baque.com\/eu\/lan-egin-cafes-baque-n\/eskerrik-asko-zure-curriculuma-bidaltzeagatik\/","url":"https:\/\/www.baque.com\/eu\/lan-egin-cafes-baque-n\/eskerrik-asko-zure-curriculuma-bidaltzeagatik\/","name":"Eskerrik asko zure curriculuma bidaltzeagatik - Caf\u00e9s Baqu\u00e9","isPartOf":{"@id":"https:\/\/www.baque.com\/es\/#website"},"datePublished":"2024-09-24T14:10:54+00:00","dateModified":"2024-09-25T06:33:59+00:00","breadcrumb":{"@id":"https:\/\/www.baque.com\/eu\/lan-egin-cafes-baque-n\/eskerrik-asko-zure-curriculuma-bidaltzeagatik\/#breadcrumb"},"inLanguage":"eu-ES","potentialAction":[{"@type":"ReadAction","target":["https:\/\/www.baque.com\/eu\/lan-egin-cafes-baque-n\/eskerrik-asko-zure-curriculuma-bidaltzeagatik\/"]}]},{"@type":"BreadcrumbList","@id":"https:\/\/www.baque.com\/eu\/lan-egin-cafes-baque-n\/eskerrik-asko-zure-curriculuma-bidaltzeagatik\/#breadcrumb","itemListElement":[{"@type":"ListItem","position":1,"name":"Portada","item":"https:\/\/www.baque.com\/eu\/"},{"@type":"ListItem","position":2,"name":"Lan egin Caf\u00e9s Baqu\u00e9-n","item":"https:\/\/www.baque.com\/eu\/lan-egin-cafes-baque-n\/"},{"@type":"ListItem","position":3,"name":"Eskerrik asko zure curriculuma bidaltzeagatik"}]},{"@type":"WebSite","@id":"https:\/\/www.baque.com\/es\/#website","url":"https:\/\/www.baque.com\/es\/","name":"Caf\u00e9s Baqu\u00e9","description":"Somos l\u00edderes en hosteler\u00eda en Pa\u00eds Vasco y La Rioja y una de las marcas m\u00e1s reconocidas en el mercado nacional. Somos una empresa familiar en constante innovaci\u00f3n en el producto. Tostamos y distribuimos caf\u00e9 molido, en grano y c\u00e1psulas para disfrutar en casa, en el bar y en la oficina.","potentialAction":[{"@type":"SearchAction","target":{"@type":"EntryPoint","urlTemplate":"https:\/\/www.baque.com\/es\/?s={search_term_string}"},"query-input":{"@type":"PropertyValueSpecification","valueRequired":true,"valueName":"search_term_string"}}],"inLanguage":"eu-ES"}]}},"_links":{"self":[{"href":"https:\/\/www.baque.com\/eu\/wp-json\/wp\/v2\/pages\/2561805","targetHints":{"allow":["GET"]}}],"collection":[{"href":"https:\/\/www.baque.com\/eu\/wp-json\/wp\/v2\/pages"}],"about":[{"href":"https:\/\/www.baque.com\/eu\/wp-json\/wp\/v2\/types\/page"}],"author":[{"embeddable":true,"href":"https:\/\/www.baque.com\/eu\/wp-json\/wp\/v2\/users\/4013"}],"replies":[{"embeddable":true,"href":"https:\/\/www.baque.com\/eu\/wp-json\/wp\/v2\/comments?post=2561805"}],"version-history":[{"count":2,"href":"https:\/\/www.baque.com\/eu\/wp-json\/wp\/v2\/pages\/2561805\/revisions"}],"predecessor-version":[{"id":2561808,"href":"https:\/\/www.baque.com\/eu\/wp-json\/wp\/v2\/pages\/2561805\/revisions\/2561808"}],"up":[{"embeddable":true,"href":"https:\/\/www.baque.com\/eu\/wp-json\/wp\/v2\/pages\/962320"}],"wp:attachment":[{"href":"https:\/\/www.baque.com\/eu\/wp-json\/wp\/v2\/media?parent=2561805"}],"curies":[{"name":"wp","href":"https:\/\/api.w.org\/{rel}","templated":true}]}}

<!-- This site is optimized with the Yoast SEO plugin v27.3 - https://yoast.com/product/yoast-seo-wordpress/ -->
<title>Eskerrik asko zure curriculuma bidaltzeagatik - Cafés Baqué</title>
<meta name="robots" content="noindex, nofollow" />
<meta property="og:locale" content="eu_ES" />
<meta property="og:type" content="article" />
<meta property="og:title" content="Eskerrik asko zure curriculuma bidaltzeagatik - Cafés Baqué" />
<meta property="og:description" content="Laster jarriko gara zurekin harremanetan. Bitartean, gure blogean nabigatzen jarrai dezakezu." />
<meta property="og:url" content="https://www.baque.com/eu/lan-egin-cafes-baque-n/eskerrik-asko-zure-curriculuma-bidaltzeagatik/" />
<meta property="og:site_name" content="Cafés Baqué" />
<meta property="article:modified_time" content="2024-09-25T06:33:59+00:00" />
<meta name="twitter:card" content="summary_large_image" />
<meta name="twitter:label1" content="Est. reading time" />
	<meta name="twitter:data1" content="1 minute" />
<script type="application/ld+json" class="yoast-schema-graph">{"@context":"https:\/\/schema.org","@graph":[{"@type":"WebPage","@id":"https:\/\/www.baque.com\/eu\/lan-egin-cafes-baque-n\/eskerrik-asko-zure-curriculuma-bidaltzeagatik\/","url":"https:\/\/www.baque.com\/eu\/lan-egin-cafes-baque-n\/eskerrik-asko-zure-curriculuma-bidaltzeagatik\/","name":"Eskerrik asko zure curriculuma bidaltzeagatik - Cafés Baqué","isPartOf":{"@id":"https:\/\/www.baque.com\/es\/#website"},"datePublished":"2024-09-24T14:10:54+00:00","dateModified":"2024-09-25T06:33:59+00:00","breadcrumb":{"@id":"https:\/\/www.baque.com\/eu\/lan-egin-cafes-baque-n\/eskerrik-asko-zure-curriculuma-bidaltzeagatik\/#breadcrumb"},"inLanguage":"eu-ES","potentialAction":[{"@type":"ReadAction","target":["https:\/\/www.baque.com\/eu\/lan-egin-cafes-baque-n\/eskerrik-asko-zure-curriculuma-bidaltzeagatik\/"]}]},{"@type":"BreadcrumbList","@id":"https:\/\/www.baque.com\/eu\/lan-egin-cafes-baque-n\/eskerrik-asko-zure-curriculuma-bidaltzeagatik\/#breadcrumb","itemListElement":[{"@type":"ListItem","position":1,"name":"Portada","item":"https:\/\/www.baque.com\/eu\/"},{"@type":"ListItem","position":2,"name":"Lan egin Cafés Baqué-n","item":"https:\/\/www.baque.com\/eu\/lan-egin-cafes-baque-n\/"},{"@type":"ListItem","position":3,"name":"Eskerrik asko zure curriculuma bidaltzeagatik"}]},{"@type":"WebSite","@id":"https:\/\/www.baque.com\/es\/#website","url":"https:\/\/www.baque.com\/es\/","name":"Cafés Baqué","description":"Somos líderes en hostelería en País Vasco y La Rioja y una de las marcas más reconocidas en el mercado nacional. Somos una empresa familiar en constante innovación en el producto. Tostamos y distribuimos café molido, en grano y cápsulas para disfrutar en casa, en el bar y en la oficina.","potentialAction":[{"@type":"SearchAction","target":{"@type":"EntryPoint","urlTemplate":"https:\/\/www.baque.com\/es\/?s={search_term_string}"},"query-input":{"@type":"PropertyValueSpecification","valueRequired":true,"valueName":"search_term_string"}}],"inLanguage":"eu-ES"}]}</script>
<!-- / Yoast SEO plugin. -->

Eskerrik asko zure curriculuma bidaltzeagatik - Cafés Baqué

Cafés Baqué

Lan egin Cafés Baqué-n

Somos líderes en hostelería en País Vasco y La Rioja y una de las marcas más reconocidas en el mercado nacional. Somos una empresa familiar en constante innovación en el producto. Tostamos y distribuimos café molido, en grano y cápsulas para disfrutar en casa, en el bar y en la oficina.
