
{"id":458903,"date":"2021-06-08T13:26:45","date_gmt":"2021-06-08T11:26:45","guid":{"rendered":"https:\/\/www.baque.com\/?page_id=458903"},"modified":"2025-10-31T13:41:33","modified_gmt":"2025-10-31T12:41:33","slug":"specialty-coffees","status":"publish","type":"page","link":"https:\/\/www.baque.com\/eu\/specialty-coffees\/","title":{"rendered":"Specialty Coffees"},"content":{"rendered":"<section  id='specialty-coffees-1' class='introtext normal step'><div class='container'><\/p>\n<h3>ZER DA ESPEZIALITATE-KAFEA?<\/h3>\n<p class=\"text-center\">Kalitate-maila goreneko kafea da, eskuz landua eta bildua, akatsik gabea eta %100 arabika ia beti. Ezaugarri organoleptikoak ez dira Robustarenak, eta ahoan atseginagoak dira. Q graders adituek kafea dastatzen eta puntuatzen dute. Horretarako, beharrezkoa da gutxienez hiru adituk dastatzea, denen artean 2 puntutik gorako alderik ez izatea eta SCA eskalan kafeari 80 puntu baino gehiago ematea.<\/p>\n<p><\/div><\/section>\n<p><div class='separator height50' ><\/div><br \/>\n<section  id='specialty-coffees' class='videophoto expand nocontainer'><img src='\/wp-content\/uploads\/2021\/11\/header2.jpg' class='bg' alt='' \/><img src='\/wp-content\/uploads\/2021\/11\/header2.jpg' class='bgresp' alt='' \/><div class='container'><\/div><\/section><br \/>\n<div class='separator height50' ><\/div><\/p>\n<section  id='specialty-coffees-1' class='introtext normal step'><div class='container'><\/p>\n<h3>Gure kafe-hautaketarik bereziena<\/h3>\n<p class=\"text-center\">Prozesua %100 artisaua da, hasi arbolatik eta kikaran izan arte. Kafea zaintzearen filosofian datza: laborantza-tekniko ekologikoak, ekoizpen jasangarria, eta ingurumenarekiko ardura. Horrek guztiak bereizten ditu goi-kalitateko kafeak.<\/p>\n<p class=\"text-center\">Kafe bakoitza garbia eta berdingabea da, eta historia bat du. Garaiko kafeak dira, ekoizleek beren baritatea eskuz lantzen dute, eskualde jakin batean, altitude zehatz batean eta zoru, tenperatura eta hezetasun baldintza espezifikoekin. Laborariek eskuz biltzen dute kafea, heldutasun egokia duten gerizak bakarrik aukeratzen dituzte eta kafea-gerizari mamia kentzen diotenean ere berriro kafe-aleak aukeratzen dituzte eta akastunak baztertzen.<\/p>\n<p class=\"text-center\">Gure produktua prozesu osoan xehetasun guztiak zainduz eta arreta handia jarriz egiten dugu eta kafe-ale bakoitzari trazabilitate zorrotza aplikatzen diogu. Horrenbestez, kafeak esklusiboak dira, kafe-mota bakoitzaren neurrira egindako artisau-txigorketa daukate, kafe bakoitzaren ezaugarriak areagotzeko.<\/p>\n<p><\/div><\/section>\n<p style=\"text-align: center;\"><a class=\"boton\" href=\"https:\/\/www.baque.com\/eu\/erosi\/specialty-coffees-eus\/\" target=\"_blank\" rel=\"noopener\">Aurkitu Specialty Coffeeak gure dendan<\/a><\/p>\n<div class='separator height50' ><\/div>\n<p><div class='separator height50' ><\/div><br \/>\n<section  class='videophoto expand nocontainer'><img src='\/wp-content\/uploads\/2025\/10\/Specialty-coffee-blend-1-scaled.jpg' class='bg' alt='' \/><img src='\/wp-content\/uploads\/2025\/10\/Specialty-coffee-blend-mobile.jpg' class='bgresp' alt='' \/><div class='container'><\/div><\/section><br \/>\n<div class='separator height50' ><\/div><\/p>\n<section  id='specialty-coffees-1' class='introtext normal step'><div class='container'><\/p>\n<h2>SPECIALTY COFFEE BLEND<\/h2>\n<h3>ZER EKARPEN EGITEN DITU BLEND BATEK?<\/h3>\n<p class=\"text-center\">Kafe egonkorra da, orekatuagoa, eta kafe-zale gehienentzat atsegingarriagoa. Jatorri bakoitzak \u00f1abardurak ematen dizkio, eta denek batera kikara borobilagoa eta oreka handiagokoa eskaintzen dute, nahiz eta osatzen duten kafeak espezialitatekoak izan. Garraztasun-maila ez da barietate bakarreko kafearena bezain handia, oreka handiagoko kikara baita helburua.<\/p>\n<p class=\"text-center\">Caf\u00e9s Baqu\u00e9n blend horiek ostalaritzako beharretara egokitu ditugu: Specialty Coffee Blend berria, 500 g-ko doypack formatuan.<\/p>\n<p><\/div><\/section>\n<p>&nbsp;<\/p>\n<p><div class='separator height50' ><\/div><br \/>\n<div class='separator height50' ><\/div><\/p>\n","protected":false},"excerpt":{"rendered":"<p>Aurkitu Specialty Coffeeak gure dendan &nbsp;<\/p>\n","protected":false},"author":4013,"featured_media":0,"parent":0,"menu_order":0,"comment_status":"closed","ping_status":"closed","template":"","meta":{"_acf_changed":false,"footnotes":""},"class_list":["post-458903","page","type-page","status-publish","hentry"],"acf":[],"yoast_head":"<!-- This site is optimized with the Yoast SEO plugin v27.3 - https:\/\/yoast.com\/product\/yoast-seo-wordpress\/ -->\n<title>Specialty Coffees - Caf\u00e9s Baqu\u00e9<\/title>\n<meta name=\"robots\" content=\"index, follow, max-snippet:-1, max-image-preview:large, max-video-preview:-1\" \/>\n<meta property=\"og:locale\" content=\"eu_ES\" \/>\n<meta property=\"og:type\" content=\"article\" \/>\n<meta property=\"og:title\" content=\"Specialty Coffees - Caf\u00e9s Baqu\u00e9\" \/>\n<meta property=\"og:description\" content=\"Aurkitu Specialty Coffeeak gure dendan &nbsp;\" \/>\n<meta property=\"og:url\" content=\"https:\/\/www.baque.com\/eu\/specialty-coffees\/\" \/>\n<meta property=\"og:site_name\" content=\"Caf\u00e9s Baqu\u00e9\" \/>\n<meta property=\"article:modified_time\" content=\"2025-10-31T12:41:33+00:00\" \/>\n<meta name=\"twitter:card\" content=\"summary_large_image\" \/>\n<meta name=\"twitter:label1\" content=\"Est. reading time\" \/>\n\t<meta name=\"twitter:data1\" content=\"2 minutes\" \/>\n<script type=\"application\/ld+json\" class=\"yoast-schema-graph\">{\"@context\":\"https:\\\/\\\/schema.org\",\"@graph\":[{\"@type\":\"WebPage\",\"@id\":\"https:\\\/\\\/www.baque.com\\\/eu\\\/specialty-coffees\\\/\",\"url\":\"https:\\\/\\\/www.baque.com\\\/eu\\\/specialty-coffees\\\/\",\"name\":\"Specialty Coffees - Caf\u00e9s Baqu\u00e9\",\"isPartOf\":{\"@id\":\"https:\\\/\\\/www.baque.com\\\/es\\\/#website\"},\"datePublished\":\"2021-06-08T11:26:45+00:00\",\"dateModified\":\"2025-10-31T12:41:33+00:00\",\"breadcrumb\":{\"@id\":\"https:\\\/\\\/www.baque.com\\\/eu\\\/specialty-coffees\\\/#breadcrumb\"},\"inLanguage\":\"eu-ES\",\"potentialAction\":[{\"@type\":\"ReadAction\",\"target\":[\"https:\\\/\\\/www.baque.com\\\/eu\\\/specialty-coffees\\\/\"]}]},{\"@type\":\"BreadcrumbList\",\"@id\":\"https:\\\/\\\/www.baque.com\\\/eu\\\/specialty-coffees\\\/#breadcrumb\",\"itemListElement\":[{\"@type\":\"ListItem\",\"position\":1,\"name\":\"Portada\",\"item\":\"https:\\\/\\\/www.baque.com\\\/eu\\\/\"},{\"@type\":\"ListItem\",\"position\":2,\"name\":\"Specialty Coffees\"}]},{\"@type\":\"WebSite\",\"@id\":\"https:\\\/\\\/www.baque.com\\\/es\\\/#website\",\"url\":\"https:\\\/\\\/www.baque.com\\\/es\\\/\",\"name\":\"Caf\u00e9s Baqu\u00e9\",\"description\":\"Somos l\u00edderes en hosteler\u00eda en Pa\u00eds Vasco y La Rioja y una de las marcas m\u00e1s reconocidas en el mercado nacional. Somos una empresa familiar en constante innovaci\u00f3n en el producto. Tostamos y distribuimos caf\u00e9 molido, en grano y c\u00e1psulas para disfrutar en casa, en el bar y en la oficina.\",\"potentialAction\":[{\"@type\":\"SearchAction\",\"target\":{\"@type\":\"EntryPoint\",\"urlTemplate\":\"https:\\\/\\\/www.baque.com\\\/es\\\/?s={search_term_string}\"},\"query-input\":{\"@type\":\"PropertyValueSpecification\",\"valueRequired\":true,\"valueName\":\"search_term_string\"}}],\"inLanguage\":\"eu-ES\"}]}<\/script>\n<!-- \/ Yoast SEO plugin. -->","yoast_head_json":{"title":"Specialty Coffees - Caf\u00e9s Baqu\u00e9","robots":{"index":"index","follow":"follow","max-snippet":"max-snippet:-1","max-image-preview":"max-image-preview:large","max-video-preview":"max-video-preview:-1"},"og_locale":"eu_ES","og_type":"article","og_title":"Specialty Coffees - Caf\u00e9s Baqu\u00e9","og_description":"Aurkitu Specialty Coffeeak gure dendan &nbsp;","og_url":"https:\/\/www.baque.com\/eu\/specialty-coffees\/","og_site_name":"Caf\u00e9s Baqu\u00e9","article_modified_time":"2025-10-31T12:41:33+00:00","twitter_card":"summary_large_image","twitter_misc":{"Est. reading time":"2 minutes"},"schema":{"@context":"https:\/\/schema.org","@graph":[{"@type":"WebPage","@id":"https:\/\/www.baque.com\/eu\/specialty-coffees\/","url":"https:\/\/www.baque.com\/eu\/specialty-coffees\/","name":"Specialty Coffees - Caf\u00e9s Baqu\u00e9","isPartOf":{"@id":"https:\/\/www.baque.com\/es\/#website"},"datePublished":"2021-06-08T11:26:45+00:00","dateModified":"2025-10-31T12:41:33+00:00","breadcrumb":{"@id":"https:\/\/www.baque.com\/eu\/specialty-coffees\/#breadcrumb"},"inLanguage":"eu-ES","potentialAction":[{"@type":"ReadAction","target":["https:\/\/www.baque.com\/eu\/specialty-coffees\/"]}]},{"@type":"BreadcrumbList","@id":"https:\/\/www.baque.com\/eu\/specialty-coffees\/#breadcrumb","itemListElement":[{"@type":"ListItem","position":1,"name":"Portada","item":"https:\/\/www.baque.com\/eu\/"},{"@type":"ListItem","position":2,"name":"Specialty Coffees"}]},{"@type":"WebSite","@id":"https:\/\/www.baque.com\/es\/#website","url":"https:\/\/www.baque.com\/es\/","name":"Caf\u00e9s Baqu\u00e9","description":"Somos l\u00edderes en hosteler\u00eda en Pa\u00eds Vasco y La Rioja y una de las marcas m\u00e1s reconocidas en el mercado nacional. Somos una empresa familiar en constante innovaci\u00f3n en el producto. Tostamos y distribuimos caf\u00e9 molido, en grano y c\u00e1psulas para disfrutar en casa, en el bar y en la oficina.","potentialAction":[{"@type":"SearchAction","target":{"@type":"EntryPoint","urlTemplate":"https:\/\/www.baque.com\/es\/?s={search_term_string}"},"query-input":{"@type":"PropertyValueSpecification","valueRequired":true,"valueName":"search_term_string"}}],"inLanguage":"eu-ES"}]}},"_links":{"self":[{"href":"https:\/\/www.baque.com\/eu\/wp-json\/wp\/v2\/pages\/458903","targetHints":{"allow":["GET"]}}],"collection":[{"href":"https:\/\/www.baque.com\/eu\/wp-json\/wp\/v2\/pages"}],"about":[{"href":"https:\/\/www.baque.com\/eu\/wp-json\/wp\/v2\/types\/page"}],"author":[{"embeddable":true,"href":"https:\/\/www.baque.com\/eu\/wp-json\/wp\/v2\/users\/4013"}],"replies":[{"embeddable":true,"href":"https:\/\/www.baque.com\/eu\/wp-json\/wp\/v2\/comments?post=458903"}],"version-history":[{"count":42,"href":"https:\/\/www.baque.com\/eu\/wp-json\/wp\/v2\/pages\/458903\/revisions"}],"predecessor-version":[{"id":3639846,"href":"https:\/\/www.baque.com\/eu\/wp-json\/wp\/v2\/pages\/458903\/revisions\/3639846"}],"wp:attachment":[{"href":"https:\/\/www.baque.com\/eu\/wp-json\/wp\/v2\/media?parent=458903"}],"curies":[{"name":"wp","href":"https:\/\/api.w.org\/{rel}","templated":true}]}}

<section  id='specialty-coffees-1' class='introtext normal step'><div class='container'></p>
<h3>ZER DA ESPEZIALITATE-KAFEA?</h3>
<p class="text-center">Kalitate-maila goreneko kafea da, eskuz landua eta bildua, akatsik gabea eta %100 arabika ia beti. Ezaugarri organoleptikoak ez dira Robustarenak, eta ahoan atseginagoak dira. Q graders adituek kafea dastatzen eta puntuatzen dute. Horretarako, beharrezkoa da gutxienez hiru adituk dastatzea, denen artean 2 puntutik gorako alderik ez izatea eta SCA eskalan kafeari 80 puntu baino gehiago ematea.</p>
<p></div></section>
<p><div class='separator height50' ></div><br />
<section  id='specialty-coffees' class='videophoto expand nocontainer'><img src='/wp-content/uploads/2021/11/header2.jpg' class='bg' alt='' /><img src='/wp-content/uploads/2021/11/header2.jpg' class='bgresp' alt='' /><div class='container'></div></section><br />
<div class='separator height50' ></div></p>
<section  id='specialty-coffees-1' class='introtext normal step'><div class='container'></p>
<h3>Gure kafe-hautaketarik bereziena</h3>
<p class="text-center">Prozesua %100 artisaua da, hasi arbolatik eta kikaran izan arte. Kafea zaintzearen filosofian datza: laborantza-tekniko ekologikoak, ekoizpen jasangarria, eta ingurumenarekiko ardura. Horrek guztiak bereizten ditu goi-kalitateko kafeak.</p>
<p class="text-center">Kafe bakoitza garbia eta berdingabea da, eta historia bat du. Garaiko kafeak dira, ekoizleek beren baritatea eskuz lantzen dute, eskualde jakin batean, altitude zehatz batean eta zoru, tenperatura eta hezetasun baldintza espezifikoekin. Laborariek eskuz biltzen dute kafea, heldutasun egokia duten gerizak bakarrik aukeratzen dituzte eta kafea-gerizari mamia kentzen diotenean ere berriro kafe-aleak aukeratzen dituzte eta akastunak baztertzen.</p>
<p class="text-center">Gure produktua prozesu osoan xehetasun guztiak zainduz eta arreta handia jarriz egiten dugu eta kafe-ale bakoitzari trazabilitate zorrotza aplikatzen diogu. Horrenbestez, kafeak esklusiboak dira, kafe-mota bakoitzaren neurrira egindako artisau-txigorketa daukate, kafe bakoitzaren ezaugarriak areagotzeko.</p>
<p></div></section>
<p style="text-align: center;"><a class="boton" href="https://www.baque.com/eu/erosi/specialty-coffees-eus/" target="_blank" rel="noopener">Aurkitu Specialty Coffeeak gure dendan</a></p>
<div class='separator height50' ></div>
<p><div class='separator height50' ></div><br />
<section  class='videophoto expand nocontainer'><img src='/wp-content/uploads/2025/10/Specialty-coffee-blend-1-scaled.jpg' class='bg' alt='' /><img src='/wp-content/uploads/2025/10/Specialty-coffee-blend-mobile.jpg' class='bgresp' alt='' /><div class='container'></div></section><br />
<div class='separator height50' ></div></p>
<section  id='specialty-coffees-1' class='introtext normal step'><div class='container'></p>
<h2>SPECIALTY COFFEE BLEND</h2>
<h3>ZER EKARPEN EGITEN DITU BLEND BATEK?</h3>
<p class="text-center">Kafe egonkorra da, orekatuagoa, eta kafe-zale gehienentzat atsegingarriagoa. Jatorri bakoitzak ñabardurak ematen dizkio, eta denek batera kikara borobilagoa eta oreka handiagokoa eskaintzen dute, nahiz eta osatzen duten kafeak espezialitatekoak izan. Garraztasun-maila ez da barietate bakarreko kafearena bezain handia, oreka handiagoko kikara baita helburua.</p>
<p class="text-center">Cafés Baquén blend horiek ostalaritzako beharretara egokitu ditugu: Specialty Coffee Blend berria, 500 g-ko doypack formatuan.</p>
<p></div></section>
<p>&nbsp;</p>
<p><div class='separator height50' ></div><br />
<div class='separator height50' ></div></p>

<!-- This site is optimized with the Yoast SEO plugin v27.3 - https://yoast.com/product/yoast-seo-wordpress/ -->
<title>Specialty Coffees - Cafés Baqué</title>
<meta name="robots" content="index, follow, max-snippet:-1, max-image-preview:large, max-video-preview:-1" />
<meta property="og:locale" content="eu_ES" />
<meta property="og:type" content="article" />
<meta property="og:title" content="Specialty Coffees - Cafés Baqué" />
<meta property="og:description" content="Aurkitu Specialty Coffeeak gure dendan &nbsp;" />
<meta property="og:url" content="https://www.baque.com/eu/specialty-coffees/" />
<meta property="og:site_name" content="Cafés Baqué" />
<meta property="article:modified_time" content="2025-10-31T12:41:33+00:00" />
<meta name="twitter:card" content="summary_large_image" />
<meta name="twitter:label1" content="Est. reading time" />
	<meta name="twitter:data1" content="2 minutes" />
<script type="application/ld+json" class="yoast-schema-graph">{"@context":"https:\/\/schema.org","@graph":[{"@type":"WebPage","@id":"https:\/\/www.baque.com\/eu\/specialty-coffees\/","url":"https:\/\/www.baque.com\/eu\/specialty-coffees\/","name":"Specialty Coffees - Cafés Baqué","isPartOf":{"@id":"https:\/\/www.baque.com\/es\/#website"},"datePublished":"2021-06-08T11:26:45+00:00","dateModified":"2025-10-31T12:41:33+00:00","breadcrumb":{"@id":"https:\/\/www.baque.com\/eu\/specialty-coffees\/#breadcrumb"},"inLanguage":"eu-ES","potentialAction":[{"@type":"ReadAction","target":["https:\/\/www.baque.com\/eu\/specialty-coffees\/"]}]},{"@type":"BreadcrumbList","@id":"https:\/\/www.baque.com\/eu\/specialty-coffees\/#breadcrumb","itemListElement":[{"@type":"ListItem","position":1,"name":"Portada","item":"https:\/\/www.baque.com\/eu\/"},{"@type":"ListItem","position":2,"name":"Specialty Coffees"}]},{"@type":"WebSite","@id":"https:\/\/www.baque.com\/es\/#website","url":"https:\/\/www.baque.com\/es\/","name":"Cafés Baqué","description":"Somos líderes en hostelería en País Vasco y La Rioja y una de las marcas más reconocidas en el mercado nacional. Somos una empresa familiar en constante innovación en el producto. Tostamos y distribuimos café molido, en grano y cápsulas para disfrutar en casa, en el bar y en la oficina.","potentialAction":[{"@type":"SearchAction","target":{"@type":"EntryPoint","urlTemplate":"https:\/\/www.baque.com\/es\/?s={search_term_string}"},"query-input":{"@type":"PropertyValueSpecification","valueRequired":true,"valueName":"search_term_string"}}],"inLanguage":"eu-ES"}]}</script>
<!-- / Yoast SEO plugin. -->

Specialty Coffees - Cafés Baqué

Cafés Baqué

Somos líderes en hostelería en País Vasco y La Rioja y una de las marcas más reconocidas en el mercado nacional. Somos una empresa familiar en constante innovación en el producto. Tostamos y distribuimos café molido, en grano y cápsulas para disfrutar en casa, en el bar y en la oficina.
